2, 103
Suppose 5*r + 2*a + 69 = -2*a, -r + 2*a = 25. Let t = r + 28. List the prime factors of t.
11
Let t(h) = h**3 + 3*h**2 - 2*h - 1. Let r be t(-4). Let l be ((-3)/r)/((-2)/(-6)). Suppose -l - 11 = 3*u, 0 = -2*g + 5*u + 34. List the prime factors of g.
7
Suppose 0 = j + 4*m - 9, 0*j + 3*j + m = -17. Let d(o) = -o**3 - 7*o**2 + 2. List the prime factors of d(j).
2
Suppose 0 = -4*u + 3*a - 0*a + 21, -u - 2*a + 8 = 0. Suppose u = 2*s - 0*s. Suppose 33 + 44 = 4*g - v, -v - 57 = -s*g. What are the prime factors of g?
2, 5
Suppose 3*u = 3*n - 132, -4*u = -n - n + 78. List the prime factors of n.
7
Suppose r + 4*k = 42, 3*r + k - 126 = 4*k. What are the prime factors of r?
2, 3, 7
Suppose -5*c - 3 + 23 = 0. Suppose -c*f = 5*y + 1 - 3, 5*f = -10. List the prime factors of y.
2
Suppose -2*n + 3 + 9 = 0. List the prime factors of 24 - 2*3/n.
23
Let j = 2 - 1. Let a(i) = j + 4 + 1 + i. List the prime factors of a(5).
11
Let y(r) = r**2 + 2*r - 3. Let i be y(-3). Suppose o - 3 = -i*o. What are the prime factors of ((-12)/o)/(0 + -2)?
2
Let w = -7 - -3. Let b = w + 8. What are the prime factors of b?
2
Suppose 0 = -2*f, -2*o + 15 = 3*o + 4*f. Suppose o*h = 7*h - 16. What are the prime factors of h?
2
Let z = 3 + 12. What are the prime factors of z?
3, 5
Let p be (-3 + 6 - 5) + -4. Let a = -2 - p. Suppose -a*s + 2*x = -56, 2*x - 28 = -s - s. List the prime factors of s.
2, 7
Let s(t) = -3 + 2*t - 1 + 0 + 0. Let h be s(4). Let l = 11 + h. List the prime factors of l.
3, 5
Let a be (-4)/(-16) - (-23)/4. Suppose 0 = 3*d - d - a. Suppose 1 = d*k - 5. List the prime factors of k.
2
Suppose -3*u + 60 = -u. What are the prime factors of u?
2, 3, 5
Suppose -29 = -m + 5*m + v, 4*m = -3*v - 31. Let g(r) = -r**2 - 7*r + 3. List the prime factors of g(m).
3
Let f(t) = t**2 + 8*t + 5. Let j be f(-8). Suppose -5*d + 98 = w - 67, 0 = -3*d - j*w + 77. List the prime factors of d.
2, 17
Let z(h) = h**3 + 10*h**2 - 5*h - 7. List the prime factors of z(-10).
43
Let q(o) = -o**2 + 8*o - 6. Let s(u) = -5*u**3 + 6*u**3 - 5 - 4*u**2 - u - 2*u. Let n be s(5). List the prime factors of q(n).
3
Let u(z) be the second derivative of z**4/12 + z**3 - z**2 - 2*z. Let n be u(-5). What are the prime factors of ((-24)/(-28))/((-1)/n)?
2, 3
Let g(l) = l + 14. Let w be g(-8). Let s be (14 + -4)*(0 + 1). Suppose 2*v - s = w. List the prime factors of v.
2
Suppose 0*z + 32 = -4*z. Let y = z + 11. Suppose y = s - 6. What are the prime factors of s?
3
Let y = -21 - -35. Let z = 3 + y. List the prime factors of z.
17
List the prime factors of 1158/9 - 2/3.
2
Let x(z) = 2*z**2. Let l(h) = -h**2 + h - 1. Let i(w) = -3*l(w) - x(w). What are the prime factors of i(6)?
3, 7
Suppose 4*c + 16 = -2*b, 3*b - 4*c = -0*c + 26. Suppose 4*k - b*m - 120 = 0, 2*m + 34 = 5*k - 114. What are the prime factors of k?
2, 7
Let c = -8 + -3. Let b = -2 - c. Suppose -t + 2 = -b. List the prime factors of t.
11
Suppose -464 = -5*k - s, 256 = 4*k - 3*s - 100. Let m = k - 62. List the prime factors of m.
2, 3, 5
Let p = 6 + 16. Let w be (-138)/(-30) - (-4)/10. What are the prime factors of p/w + (-3)/(-5)?
5
Let z(r) = -r**3 + 15*r**2 + 2*r + 3. Let v be z(15). Let f = -18 + v. List the prime factors of f.
3, 5
Let g be (-14)/(-3) + (-6)/9. Suppose -4*x = g - 0. Let w = x - -6. List the prime factors of w.
5
Suppose 0*v + 2*n - 24 = -2*v, 0 = -4*n + 16. Let w(i) = 2*i**2 + 2*i - 1. Let m be w(1). Suppose -m*z - v = -44. List the prime factors of z.
2, 3
Suppose 3*y + 6 = 21. Suppose -3*c = 4*t - 5 - 17, y*t = -25. What are the prime factors of c?
2, 7
Let v = 10 + -7. Let r(a) = 0 + 0 - 5 + 3*a + 6. List the prime factors of r(v).
2, 5
Let v = 233 - 143. List the prime factors of v.
2, 3, 5
Suppose -13 = -5*b + 7. Suppose 0 = 2*d + d, 0 = -2*h - b*d + 10. Suppose -22 = -2*w + 2*a, 3*a - 39 = -h*w - 0*a. What are the prime factors of w?
3
Suppose -r = 4*b - 29, -b + 2 = -3*b. Let o(k) = k**2 - 5*k + 4. Let n be o(5). Suppose -r = -n*i + i. What are the prime factors of i?
11
Let n(s) = -2*s**2 - s. Let r be n(-1). Let u = r - -1. Suppose 0 = 3*k - u*k - 24. What are the prime factors of k?
2
What are the prime factors of 0 - (-55 - 0/(-1))?
5, 11
Suppose 0 = -4*r - 2*z + 1596, 0 = -5*r + 10*z - 5*z + 2010. List the prime factors of r.
2, 5
Let d(c) = c**3 - 11*c**2 + 3*c - 11. Let a be d(11). Let y be (-4)/18 - 582/54. Let s = a + y. What are the prime factors of s?
11
List the prime factors of (-452)/(-10) - 2/10.
3, 5
Let k = -47 + 73. What are the prime factors of k?
2, 13
Let q(r) = -r + 8. Let n be q(8). Let g(x) = x**2 - x. Let d be g(n). Suppose -3*s + s + 6 = d, -l - 4 = -3*s. What are the prime factors of l?
5
Let k(i) = 2*i - 4. Suppose -316 = 5*w + 154. Let g be 4/(-18) + w/(-18). List the prime factors of k(g).
2, 3
Let f be (0 + -1)/(2/(-38)). Suppose -d = -5*d + w + f, -8 = -5*d - 4*w. Suppose -5 + 25 = d*o. What are the prime factors of o?
5
Let m be 68 + (0 - 0) + 2. Let s = -2 - -7. Suppose -2*z + m = 5*y, -y + 39 + 2 = -s*z. List the prime factors of y.
2
Let h be 4*3/(-8)*-4. Let q(w) = 2*w**2 - 9*w + 4. What are the prime factors of q(h)?
2, 11
Let w(r) = 5*r - 9. What are the prime factors of w(8)?
31
Suppose -73 = -b - 8. Suppose d = -1, 3*f - b = -f - 3*d. What are the prime factors of f?
17
What are the prime factors of ((-38)/(-6)*10)/((-2)/(-9))?
3, 5, 19
Suppose -2*n - 4 = 4. Let h be (12/(-9))/n*12. Suppose -q - 3*q - 3*o = -95, -h*o = -4*q + 60. What are the prime factors of q?
2, 5
Let g(t) = 4*t**2 + 2*t - 3*t**2 - 6 + 3*t - 1. Let x be g(-6). Let i = 9 + x. What are the prime factors of i?
2
Let w(o) = o**2 + 5*o + 4. Let c be w(-8). Suppose c + 32 = 4*d. What are the prime factors of d?
3, 5
Suppose -1 - 81 = -2*b - 4*i, -4*b + 2*i + 174 = 0. What are the prime factors of b?
43
List the prime factors of (-1188)/(-14) + (5/(-7))/(-5).
5, 17
Let b be ((-1)/(-3))/(1/6). Let z be (3/(-6))/((-1)/32). List the prime factors of ((-8)/z)/(b/(-28)).
7
Let i(l) = -7*l - 3. Let q be i(-4). Suppose -3*x + q = -11. What are the prime factors of x?
2, 3
Let z(m) be the third derivative of m**6/40 - m**5/30 - m**4/24 - m**3/3 + 5*m**2. Suppose -10 = -4*w - w. List the prime factors of z(w).
2, 3
Suppose 2*y = -3*y + 10. Let h be 0/(y - 0/(-1)). Suppose i = -5*t - h*i + 62, -14 = -t - i. List the prime factors of t.
2, 3
Let w(m) = m + 1. Let j be w(-8). Let k = j - -32. Let v = -17 + k. What are the prime factors of v?
2
What are the prime factors of 5/(-15)*30*-2?
2, 5
Suppose -5*p + 104 = 3*w, -4*p = -6 + 14. What are the prime factors of w?
2, 19
Let m(d) = -2*d - 9. Let h(v) = v**3 - 5*v**2 + 2*v + 2. Let n(i) = i - 1. Let b be n(3). Let s be h(b). List the prime factors of m(s).
3
Suppose -4*d + h = -39, h = -4*d - 0 + 49. Let u be (-1 - -2 - d)/(-1). What are the prime factors of 54/u - (-4)/(-10)?
5
Let z = 5 + -2. Suppose l - z = 4. List the prime factors of l.
7
Let n(g) be the second derivative of -g**5/60 - g**4/8 + g**3/2 - g**2 - g. Let i(m) be the first derivative of n(m). List the prime factors of i(-3).
3
Let n(j) = -j**2 - 7*j. Let q be n(-7). Suppose q = -2*g - 32 + 4. What are the prime factors of 9/6*g/(-3)?
7
Suppose 4*s = 5*s - 3, 0 = 3*m + 3*s - 336. What are the prime factors of m?
109
Let c = 3 - 3. Let x = 6 + c. Let p(w) = w**3 - 6*w**2 + w + 6. What are the prime factors of p(x)?
2, 3
Suppose -12 = 4*u, -2*u - 3*u = 3*f - 366. What are the prime factors of f?
127
Let x(q) = 13*q**2 - q - 1. Let k be x(-1). Suppose k - 5 = 4*b. Suppose -b*s + 45 = 11. List the prime factors of s.
17
Let g(m) = m + 2. Let j be g(0). Suppose -j*s = 3*s. Let b(p) = p + 9. List the prime factors of b(s).
3
Let k = 38 - 14. What are the prime factors of k?
2, 3
Suppose -1 = -i, 72 = -3*a - 3*i + 1152. List the prime factors of a.
359
Let q(y) = 2*y**2 + 1. Let p be q(1). Suppose -2*f - 3*g + 13 = 0, 0 = p*g + g - 12. Suppose 6*r - 24 = f*r. What are the prime factors of r?
2, 3
Suppose 22 = 2*i - 0. Let w = -7 + i. Suppose -w*n = -5*n + 2. List the prime factors of n.
2
Suppose s + 92 = 5*s. List the prime factors of s.
23
Suppose 0 = 10*t - 54 - 1576. What are the prime factors of t?
163
Let d(y) = y - 3. Suppose -z - 5 = -11. Let x be d(z). What are the prime factors of (-34)/(-6)*x - 0?
1